1). Let x(q) = 2*q - 6*q - 2*q + 5*q - w. Calculate x(4).
-6
Let u = 18 - 14. Suppose -3*f - f = 3*r - 2, u*r - 8 = 0. Let t(i) = -20*i**3 + 2*i - 5. Let w(y) = 30*y**3 - 3*y + 7. Let n(m) = -7*t(m) - 5*w(m). Give n(f).
9
Let d(f) = -4*f + 3. Let p = 58 - 58. Let a be 0 - (p + (-4)/2). What is d(a)?
-5
Let y = 1302 - 1296. Let t(a) = a**3 - 6*a**2 - 8*a. Calculate t(y).
-48
Let f(x) = -x**3 - 7*x**2 - 6*x + 5. Let h(n) = -n**2 + n - 6. Let t = -17 + 17. Let r be h(t). What is f(r)?
5
Let x(b) = b**2 + 9*b + 6. Let l be x(-9). Let g(q) = -2*q**3 - q**2 + 12*q - 1. Let w(z) = z**3 + z**2 - 6*z. Let s(t) = l*g(t) + 11*w(t). Give s(6).
-6
Let k(l) be the first derivative of -l**3/3 + l**2/2 - 11. Let a(s) = -s**2 + 5*s. Let w(x) = a(x) - 2*k(x). What is w(-3)?
0
Suppose 12 = -4*h - 8. Let c(q) = -13*q**3 + 6*q**2 + 21*q + 11. Let l(p) = 11*p**3 - 6*p**2 - 19*p - 10. Let o(v) = -6*c(v) - 7*l(v). Give o(h).
-6
Let o(r) be the first derivative of 8*r - 9/2*r**2 + 23 - 1/3*r**3. Give o(-10).
-2
Let z = -3042 - -3026. Let q(x) = -x**3 - 17*x**2 - 14*x + 38. Give q(z).
6
Let s(a) be the third derivative of -8*a**2 - 1/24*a**4 + 0 + 1/120*a**6 - 1/2*a**3 - 1/15*a**5 + 0*a. What is s(4)?
-7
Let m(u) = u**3 + 6*u**2 + 3*u - 6. Suppose -4*i + 4*b = 4, 3 = b + 2*b. Suppose 6*a + 156 = 174. Suppose k - 4 = i, -25 = 4*r - a*k + 7. What is m(r)?
4
Suppose -7*w = -5*w - 10. Let f = 8 - w. Suppose f*v = -0*v - 6. Let m(n) = n - 1. Give m(v).
-3
Let h = -95 - -110. Let s be (h - 11) + -5*1. Let a(f) = 2*f**3 + f + 1. Determine a(s).
-2
Let m(f) be the first derivative of -3*f**2 + 4*f + 47. What is m(0)?
4
Let m = 77 - 25. Let c = m + -51. Let l(f) = -24*f**2 - 2*f + 1. Determine l(c).
-25
Let b(f) = f**2 + 10*f + 14. Suppose -4*c - 32 = -3*g, 39 = -c - 2*g + 20. Give b(c).
25
Suppose 0 = -h + 5*a + 44, 4*h - 3*a - 67 = 2*h. Let n = h + -27. Suppose -2 - n = -4*l. Let s(i) = -7*i**2 - i. Give s(l).
-8
Let u(b) = 3*b**2 - 10*b**2 + 2*b + b**3 + 8 - 4*b. Let l(s) = s**3 - 16*s**2 + 3*s - 24. Let v be l(16). Suppose v + 18 = 6*c. What is u(c)?
-6
Let g(b) be the second derivative of -b**5/20 - 5*b**4/6 + b**3/6 + 15*b**2/2 + 36*b - 5. Give g(-10).
5
Let k(n) = 2*n**2 - 3*n - 1. Let x = 22 - 18. Suppose 2*i = -x*i + 18. What is k(i)?
8
Let y be (-12)/(-7) - 8/(-28). Let r(h) = y - 14*h - 3 + 10*h. Let d(s) = -s + 7. Let t be d(6). Give r(t).
-5
Let k(i) be the second derivative of i**4/12 + 13*i**3/6 - 7*i**2/2 - 14*i. Calculate k(-12).
-19
Suppose 3*p + 10 = 5*x - 3, 3*x - 4 = -2*p. Let k be -1 + -1 + (-4 - p)/3. Let v(a) be the second derivative of a**4/4 + a**3/3 - 2*a**2 - 2*a. What is v(k)?
17
Let o(m) be the first derivative of -m**4/4 - 7*m**3/3 - 3*m**2 - 3*m + 8. Let a = 17 + -12. Let q be 9/(a/(20/(-6))). Determine o(q).
-3
Suppose 0 = 3*m + 5*a + 6, 4*m - 16*a + 17*a = -8. Let f(t) = -2*t - 2. Give f(m).
2
Let d(i) = -5*i**2 + 5*i - 12. Let r(a) = 0*a**2 - 3*a**2 - 6*a**2 + 15*a - 5*a**2 - 35. Let c(w) = -17*d(w) + 6*r(w). Suppose -20 = 5*g + 10. Determine c(g).
0
Let n be -10 + 25 + (2 - 1). Let b(a) = 4*a + 5*a + a**2 - n*a + 1 + 5*a. What is b(4)?
9
Suppose -6*a - 6 = -3*a. Let s(g) = 3*g + 2. Let y be s(a). Let k(w) = w + 18 - 2*w + 2*w - 20. Determine k(y).
-6
Let p(o) = -4*o**2 + o + 1. Suppose 0 = -2*c + 3*y + 13, 15 = 4*c - 2*y + 7*y. Let r be 2 - 5 - (-25)/c. Give p(r).
-13
Let j(q) = 4*q**3 - 5*q**2 + q - 7. Let r(o) = 11*o**3 - 13*o**2 + 2*o - 20. Let l(b) = -8*j(b) + 3*r(b). Give l(-3).
-16
Let o(a) be the first derivative of -a**4/2 - 2*a**3/3 + a**2 + a - 160. Let s(z) = z + 3. Let w be s(-5). Determine o(w).
5
Let y = -6 - -11. Suppose -3*l = -y - 40. Let u(q) = -2*q**3 - 4*q**2 + q**3 + l*q - 16*q. Determine u(-3).
-6
Let h(p) be the third derivative of p**6/60 - p**5/60 - p**4/8 + p**3/3 - 82*p**2. Determine h(2).
8
Let s(u) = -2*u**2 - 23*u + 3. Let l(f) = 4*f - 1. Let a(v) = -6*l(v) - s(v). Give a(0).
3
Let z(o) = 3 + 3 - 35039*o**2 + 1 + 35038*o**2 - o. Give z(2).
1
Let c(t) be the third derivative of -t**5/60 + t**4/24 + 2*t**2. Let m be 59/(-236) - (-2)/8. Give c(m).
0
Suppose 46*i - 44*i = 22. Let u(z) = z - 19. What is u(i)?
-8
Let h(w) = -7*w. Let q(t) = t**2 + 16*t + 9. Let u be q(-13). Let y = 29 + u. Give h(y).
7
Suppose -u - 160 = 3*x, 3*x + 0*u + 166 = 2*u. Let w = x + 58. Let i(v) = -v**2 + 3*v + 2. Calculate i(w).
-2
Let t(j) = -10*j - 1. Let b(o) = 3*o**2 - 9*o + 17. Let y be b(5). Let v = y - 46. What is t(v)?
-11
Let b(h) be the first derivative of h**4/4 - h**2/2 - 4*h - 7. Determine b(0).
-4
Let l = -300 - -309. Let v(u) = u**2 - 8*u - 7. Determine v(l).
2
Let f(b) = b**2 + 13*b + 22. Let n be f(-11). Let x(o) = -o**2 - 2*o - 4. Determine x(n).
-4
Let q(t) = t**3 - 14*t**2 - 11*t - 58. Let y be q(15). Let a(o) = 2*o**3 - 2*o**2 + 2*o - 4. Calculate a(y).
8
Let c(r) be the second derivative of -2*r**3/3 + 5*r**2 + 183*r. What is c(0)?
10
Let d(a) = -a**3 - 2*a**2. Suppose -5*u + 4 - 17 = i, 4*u - 181 = 5*i. Let j = i + 31. Give d(j).
0
Let d(y) = -6*y**3 - 39*y + 5*y**3 + 37*y + 5*y**2 + 2 + 10. Determine d(5).
2
Let h(x) = x**2 - x - 8. Let w be h(4). Let c(p) = p**3 + p**2 + 2*p + 1. Let g(n) = n**3 + n. Let l(k) = w*g(k) - 3*c(k). Give l(3).
-9
Let w(x) be the second derivative of -x**4/12 + 7*x**3/6 + x**2 - 5*x. Suppose 2*j - 4 = -n + 3, -12 = -4*j. Let r = n + 5. Calculate w(r).
8
Let x(s) = s - 17. Let n(y) = y**2 - 3*y + 7. Let i be n(4). Give x(i).
-6
Let g(l) = -l - 8. Let m(j) = 3*j + 23. Let x(p) = 11*g(p) + 4*m(p). Let y = -38 + 42. Let i = -9 + y. What is x(i)?
-1
Let p(c) = 4*c**2 + 2*c - 1. Let o be (7 - 8) + 22/2. Let m = -9 + o. Let r be p(m). Let k(b) = b**2 - 4*b - 6. What is k(r)?
-1
Let z(w) = 6*w**3 - 9*w**3 - 11*w**3 - w**2 + 1. Let p(u) = 3*u - 12. Let q be p(11). Let c be q/15 - 6/15. Calculate z(c).
-14
Suppose 2*g - 2 = -0*g. Let l(q) = -q**3 - 2*q + 2*q**2 - 3*q**2 + 0 + g + 3*q. Give l(-2).
3
Let r(h) be the second derivative of h**5/20 - 2*h**4/3 + 4*h**3/3 + 2*h**2 - 1342*h. Let u be (1 - 0)*-1*-7. Give r(u).
11
Let w(p) = p**3 + 7*p**2 - 7*p - 1. Suppose 0 = -4*h - 3*r - 26 - 21, 4*h + 2*r = -42. Calculate w(h).
-9
Let w(s) be the second derivative of -5*s**3/6 - 2*s**2 + 357*s. Give w(-4).
16
Let h(i) = 3*i. Let a(n) = -n - 2. Let f be a(-4). Suppose -f*t - 2*t + 116 = 0. Let x = t - 28. Give h(x).
3
Let o(p) = -2*p**2 - 85*p - 121. Let j be o(-41). Let l(g) be the first derivative of 4/3*g**3 - 4 - 3/2*g**j - 2*g - 1/4*g**4. Give l(3).
-2
Let o(x) = -11*x**2 + 15*x + 3. Let u(l) = -13*l**2 + 18*l + 2. Let d(r) = -6*o(r) + 5*u(r). Determine d(6).
28
Let m(n) = n**2 - 9*n + 1. Let r be 782/138 + -2*(-2)/(-6). Calculate m(r).
-19
Let m(d) = -2*d**2 - d + 4. Let o be m(0). Suppose 0 = o*h - 9*h + 25. Let k(c) = -1 + 4*c**2 - 4*c**3 + h*c**3 - 5*c - 3 - c. Give k(-5).
1
Let u(y) = -4*y. Let v be u(3). Let h = 8 + v. Let k(n) = -3 - 5 - 3 + 14 + n. Give k(h).
-1
Let d(l) be the first derivative of l**4/4 - 5*l**3/3 + 3*l**2 - 3*l - 83. Determine d(4).
5
Suppose -2*v = 8 + 44. Let q = -21 - v. Let m(l) = 6 - 4*l**3 + l - 2 + 3*l**3 + 5*l**2. Calculate m(q).
9
Let c(w) = -w**3 - 7*w**2 - 7*w. Let s(k) = k**2 + k + 24 - k - k - 12*k. Let u be s(10). Give c(u).
6
Let g(m) = -4*m**2 - 2 - 25*m + 5*m + 11*m + 5*m**2 + 12*m. What is g(-4)?
2
Let g(n) = n**3 + 7*n**2 - 2*n - 3. Suppose f = -3*b - 5, -5*f - 17 + 8 = -b. Let z be (2/f)/((-2)/(-14)). Give g(z).
11
Let s(c) = c**3 + 10*c**2 - 25*c - 16. Let b(h) = -h**2 + 3*h - 8. Let o be b(4). Determine s(o).
-4
Let m be (1/(-2))/(8 + 474/(-60)). Let v(o) = o + 15. Determine v(m).
10
Let y(z) = -7*z - 10. Suppose 2*h - 24 = 4*u + 3*h, h - 1 = u. Give y(u).
25
Let c be (-54)/(-3) - 16/4. Let j be 120/42*c/(-4). Let m(w) = 2*w + 15. Calculate m(j).
-5
Let u(j) = 9*j**2 + 2*j - 2. Let f(h) = -5*h**2 - 1. Let c(k) = 2*f(k) + u(k). Calculate c(5).
-19
Let n(d) = -98*d + 318*d + d**2 - 110*d - 101*d - 16. What is n(-12)?
20
Let k(u) be the first derivative of -u**2 + 4*u - 445. Determine k(4).
-4
Let y(o) = 18*o + 15 - 30*o**3 + 18*o**2 + 18*o**3 + 13*o**3. Let h be y(-17). Let v(r) = -2*r**2 - 2*r**2 - r**3 + 2*r**2 + 2*r - 3 + 2. Determine v(h).
-5
Let m = -63 - -123. Suppose 2*z - 5*z = m. Let c = z - -20. Let h(r) = r**2 + r - 6. Give h(c).
-6
Let r(